g) = g**3 + 8*g**2 - 10*g + 2. Let t be q(-9). Let x = 0 + -4. Let u = t + x. What is the units digit of u?
7
Let p(o) = -o**2 + o + 2. Suppose -3 + 9 = 3*k. Let z be p(k). Suppose -4*y + 3*a + 22 = z, y = -0*y + 2*a + 8. What is the units digit of y?
4
Let l = 33 - 10. What is the units digit of l?
3
What is the hundreds digit of ((-22)/(-3)*3)/(5/25)?
1
Let j(o) = o**3 + 12*o**2 - 2*o - 14. What is the tens digit of j(-12)?
1
Suppose 0*y + 6 = 2*y. Suppose y*d + 29 = 5*o, o + d - 5 = 4. Let m = 5 + o. What is the tens digit of m?
1
Let y = 4 + 0. Suppose 0 = -5*q + 25, 34 - 6 = 3*a - y*q. What is the tens digit of a?
1
Let p = 7 - 11. Let a = p - -19. What is the tens digit of a?
1
Let j(w) = w**3 + w + 4. Suppose -6*u + u = 0. Let f be j(u). Suppose -f*r = -3*p + 18, -r - 7 = 3*p - 5*p. What is the units digit of p?
2
Suppose -15 = 3*a, 3*k - 3*a - 14 = 7. Suppose 0 = 3*q - k - 1. What is the units digit of q?
1
Suppose -3*x = 2*j - 65, x = 6*j - 2*j + 45. What is the tens digit of x?
2
What is the tens digit of (1 - 2) + 0 + 204 + 1?
0
Let y be (-2130)/(-18) + (-2)/(-3). Let h = -39 + y. Suppose -5*z + 0*z = -h. What is the tens digit of z?
1
Let p be (-1)/3 - 278/(-6). Let g = p - 29. Suppose 1 = -2*j + g. What is the units digit of j?
8
Suppose 75*y - 78*y + 237 = 0. What is the tens digit of y?
7
Suppose -2*r = 4*i - 0 + 8, 3*r - 16 = i. What is the units digit of (7/(-4))/(r/(-32))?
4
What is the units digit of -1 - 21/2*-4?
1
Suppose 5*i + f = 19, 6*i + f - 13 = 3*i. Suppose -j = i*j - 124. What is the tens digit of j?
3
Let k(q) = -4*q - 3. Suppose 4*x = 3*x - 5. What is the units digit of k(x)?
7
Let x = 2 - -2. Suppose -x*f = f - 10, -3*n - 5*f = -58. What is the tens digit of n?
1
Suppose 7 + 1 = -4*j. Let y be 43 - (0 - -2)/2. What is the units digit of (j/(-7))/(6/y)?
2
Let p(m) = 3*m**3 - m**2 - m - 1. What is the tens digit of p(2)?
1
Suppose -4*x + 124 = -0*x. What is the tens digit of x?
3
Let a = -8 + 8. Suppose 2*w - 3*y - 45 = -8*y, 5*w + 4*y - 70 = a. What is the units digit of w?
0
Let i(j) = -2*j**3 - 10*j**2 - 11. What is the hundreds digit of i(-7)?
1
Let a = 71 - 47. What is the units digit of a?
4
Suppose g - 95 = -4*c, -5*g - c + 424 = 2*c. What is the tens digit of g?
8
Let m be 1 + 1*-3 + 0. Let x(k) = -k**2 - 10*k - 18. Let n be x(-8). What is the units digit of ((-5)/m)/(n/(-4))?
5
Let f = 3 + -2. Let c be 4 - -2 - (f - -2). Suppose -s - 24 = -c*s. What is the units digit of s?
2
Let w = -23 - -36. Suppose 5*v + 24 + 6 = 0. Let u = w + v. What is the units digit of u?
7
Let v = 29 - -19. What is the units digit of v?
8
Let u(j) = 31*j**3 - 3*j + 2. What is the tens digit of u(1)?
3
Suppose -4*m - 40 = m. Let u = m + 9. What is the units digit of 4/2 + u + 3?
6
Let o = 1 + 3. Let x be (-6)/21 - 4/(-14). Suppose x = l + 1, -2*s + l - o*l = -13. What is the units digit of s?
8
What is the tens digit of 3 + 106/4*2?
5
Suppose c = -5*r - 15, 2*r + 16 = -2*r. Let u(v) = -v**2 + 6*v + 5*v + c - 2*v. What is the tens digit of u(8)?
1
Let l(w) = 9*w**2 + 3*w - 1. What is the tens digit of l(2)?
4
Let j(a) = -a - 6. Let m be j(-6). Suppose -5*c + 2*f + 39 = 0, 4*c = -m*c - 2*f + 24. What is the units digit of c?
7
Let c = 5 + -9. Let u be -1*-12*c/(-2). Let f = u + -16. What is the units digit of f?
8
Let i(m) = -11*m + m**3 - 5*m**2 - 3*m**2 - 3 - m**2. Let a(b) = -3*b**3 + 26*b**2 + 32*b + 8. Let l(s) = 4*a(s) + 11*i(s). What is the units digit of l(6)?
5
Suppose 0 = k + 5*n - 111, -2*k + 6*k - 356 = 2*n. What is the units digit of k?
1
Let n = -4 - 0. What is the units digit of ((-27)/(-3))/3 - n?
7
Suppose a = 2*a - 3, -10 = k - 4*a. What is the units digit of k?
2
Suppose -4*l = -4*x - 32, -6*l + l + 29 = -4*x. Let q = -6 - x. What is the units digit of q?
5
Suppose -2*p + 67 = 5*k, -3*k + 179 = 4*p - 8*k. What is the tens digit of p?
4
Let k(c) = -c + 5. Let n be k(0). Let w(y) = 2*y - 2 - 3 + 1. What is the units digit of w(n)?
6
What is the tens digit of ((-1245)/20)/((-9)/12)?
8
Suppose -2*i = -z + 90, 3*z - 208 = 5*i + 61. What is the tens digit of z?
8
Suppose 0 - 3 = -u. Suppose 0 = -5*v + 4*c - 3, u*v + 5*c - 7 = 3*c. What is the units digit of (v - -2*1) + 2?
5
Let r(c) = c**3 - 4*c**2 + 2*c - 2. Let s be r(6). Suppose 0*u + i + 78 = 2*u, 0 = 2*u + i - s. What is the units digit of u?
0
Let b(c) = 1 + 3*c - c - 3*c. Let m be b(-2). Suppose m*x = j + 7, -3*j - 5*x = j - 57. What is the units digit of j?
8
Suppose 0 = 4*q + 4, -5*f = -3*f + q - 247. What is the hundreds digit of f?
1
Let f = -76 - -46. Let v = f + 55. What is the units digit of v?
5
Suppose -o + r = -47, r = 2*o + 5*r - 64. Suppose o - 4 = 2*t. Let m = -11 + t. What is the units digit of m?
8
Suppose -7*g + 15 = -6*g. What is the tens digit of g?
1
Suppose -265 = -4*y - 4*q - q, 0 = 4*y + 2*q - 250. What is the units digit of y?
0
Let l = 12 + -4. Let o = l - 4. What is the units digit of o?
4
Suppose 2*u = u + 2. Suppose -u*t + t = -32. What is the units digit of t?
2
Let t be -6 + 3 - (-5)/1. Suppose 3*x = t*x + 27. What is the tens digit of x?
2
Let g be (13/(-2))/(3/18). Let x = g + 110. Suppose -5*n - 2*f + x = -0*f, 3*n = 2*f + 33. What is the units digit of n?
3
Suppose 0 = 7*z - 75 - 30. What is the tens digit of z?
1
Let m(n) = -2*n**2 - 5*n**2 + n**3 - 3 + 8*n - 4. What is the units digit of m(6)?
5
Let f = -16 + 27. Suppose 0 = y - 4*x - f, 0 = y + x - 6*x - 11. What is the tens digit of y?
1
Suppose 0 = 4*j - 4*y - 144, -13 - 7 = -5*y. What is the units digit of j?
0
Suppose -2*v + 6 = -i + v, i = 5*v - 10. Suppose i = -k - 0*k. Let n = 2 - k. What is the units digit of n?
2
Suppose -i - 4*q = 2, 0*i + 3 = 2*i + q. Suppose i*r + 6 = 4*r + t, -t + 12 = 5*r. Suppose r*b - 8 = 0, 3*v + 5*b = -0*v + 32. What is the units digit of v?
4
Suppose -4*w + 2*x + 0*x = -186, x + 45 = w. Suppose 11*a - 8*a = w. What is the tens digit of a?
1
Suppose 39*t - 1914 = 33*t. What is the tens digit of t?
1
Suppose 5*l - 28 = 5*v - 143, 0 = 3*v - 12. Suppose -3*f - 21 = -0. Let c = f - l. What is the tens digit of c?
1
Suppose 5*q = 82 + 13. What is the tens digit of q?
1
Let y = 26 - 9. Suppose 2*s - 3*s = -y. What is the tens digit of s?
1
Let a(c) = 3*c. Let w be a(2). What is the units digit of (2 + -6)/(-2) + w?
8
Let s(a) be the third derivative of -a**5/60 + a**4/8 + 5*a**3/6 + a**2. Let l be (-2 - 0)/((-2)/4). What is the units digit of s(l)?
1
Let t(n) = -4*n + 2*n**2 - n + 4*n + 12*n**3. Let y be t(1). Suppose 0 = w - y - 0. What is the units digit of w?
3
Suppose -3*x + h - 2 = 0, 3*h = -3*x + 5 + 1. Let l(p) = -p**3 - 5*p**2 + 4*p - 7. Let i be l(-6). Let g = x + i. What is the units digit of g?
5
Let t(j) = 7 + 1 + 6*j + 0*j**3 + j**3 - 4*j**2 - 3*j**2. What is the units digit of t(6)?
8
Suppose q + 3 = 5. Suppose c - q*c = -15. What is the tens digit of c?
1
Suppose 21*l - 458 = 2377. What is the hundreds digit of l?
1
Suppose 8*t - 12*t + 304 = 0. What is the units digit of t?
6
Suppose 3*p - 48 = p. Let l = p + 6. What is the tens digit of l?
3
Suppose -8*w + 6*w = -656. What is the units digit of w?
8
Suppose 3*r + 10 = r. Let y = r + 7. What is the units digit of y?
2
Let a be (0 - (-1 - -2)) + 1. Suppose -5*y - 2*s = 0, -4*y - 5*s - 17 = -a*s. What is the units digit of y?
2
Suppose -4*w + 3*m - 8 = 7*m, 5*w - 2*m + 3 = 0. Let b = w - -4. Suppose -2*p = -b*p + 5. What is the units digit of p?
5
Suppose 0 = 2*x + y - 113, -2*y - 171 = -3*x - 3*y. Let d = x + -41. What is the units digit of d?
7
Suppose p = -3*j + 8, -3*p + 7*j = 2*j - 10. Suppose -l + 1 = 2*u, 13 = 2*l - p*l + 2*u. Let n = -1 - l. What is the units digit of n?
2
Suppose 4*a - 3*a - 4 = 0. Suppose 4*s = -a*d + 96, -3*s + d = -0*d - 56. What is the units digit of s?
0
Let c(l) = 5*l**3 - l**2 - 5*l + 5. What is the units digit of c(2)?
1
What is the units digit of (0 - -66)*(-3)/(-6)?
3
Let h(y) = -3*y**2 + 2*y - 4. Let a(c) = -c**2 - c + 1. Let j(p) = -2*a(p) - h(p). Let v be j(2). Let b = v - 16. What is the units digit of b?
6
Let h(b) = 8*b + 11. What is the units digit of h(10)?
1
What is the units digit of 0 - (5 + -311 - -3)?
3
Suppose 4*t + t = 3*f + 39, 9 = 3*t + 3*f. Let q be 1 - 3 - 0 - -4. Suppose -q*l + 7 = -3*k, -k = -0*k + l - t. What is the units 